me factors of l.
5, 1993
Let i(o) = 82*o**2 - 16*o - 34. Let k be i(7). Suppose 0 = -24*m + k + 520. List the prime factors of m.
3, 61
Suppose -3*c + 2*k + 24 = 0, 5*c - k - 16 - 17 = 0. Suppose c*m + 87 = -291. Let p = m - -117. What are the prime factors of p?
2, 3
Suppose 5*u - 8*u + 306 = 0. Let m = -40 + u. Suppose -5*g - 25 - m = -o, -g = -o + 91. What are the prime factors of o?
2, 23
Let m be (-380)/(-35) + -1*(-2)/14. Suppose 2856 = p + m*p. List the prime factors of p.
2, 7, 17
Let a = 5261 - -18015. What are the prime factors of a?
2, 11, 23
Suppose 122*n - 166708 - 135144 = -27718. What are the prime factors of n?
3, 7, 107
Suppose -7*y - 2535 = -10*y. Suppose w = 2, w + y = k - 133. Suppose -4*z - z + k = 0. List the prime factors of z.
2, 7
Let w(q) = 7*q**3 - q**2 - 6*q + 9. Let j be w(4). Let k = j + -34. What are the prime factors of k?
383
Suppose -52623 + 66648 = 62*c - 103837. List the prime factors of c.
1901
Suppose -4*c - 4*n + 243012 = 0, 20*n = 2*c + n - 121506. List the prime factors of c.
3, 7, 11, 263
Let r = 71 - 63. Suppose 12*s = r*s + 12. Suppose -s*n = -2*y + 225, -2*y = -6*y - 4*n + 440. List the prime factors of y.
3, 37
Let q(o) be the first derivative of 31*o**3 - 14*o**2 + 3*o - 22. List the prime factors of q(-3).
2, 3, 7, 11
What are the prime factors of 7393 + 72/(12 + -21)?
5, 7, 211
Suppose -4*o - 16 = 5*p, 0 = -5*p + 2 - 22. List the prime factors of (-813)/(-2)*o + 3/6.
11, 37
Suppose 0 = 91*l - 219*l + 5235328. List the prime factors of l.
7, 5843
Let d be (-2)/((-5)/(6 - -4)). Suppose 3*p + 762 = d*p. List the prime factors of p.
2, 3, 127
Let f(q) be the third derivative of 205*q**4/12 - q**3/6 + 26*q**2. What are the prime factors of f(2)?
3, 7, 13
Suppose -15*s + 5 = -55. Suppose -4*f = -20, f + 351 = 2*r + s*f. Suppose r = 5*v - 202. List the prime factors of v.
2, 37
Let l(t) = -t**3 - t**2 - t - 1. Let f be l(-1). Let a(q) = 44*q - 8. Let d be a(2). Suppose f*p - d = -2*p. List the prime factors of p.
2, 5
Let w be (2 + -3 - 0)/((-3)/15). Suppose 0 = -w*k + 1 - 1. Suppose 0*o - 6*o + 660 = k. What are the prime factors of o?
2, 5, 11
Suppose 0*d = d. Let c = -278 + 282. Suppose -2*a - c*x + 18 = d, 103 = 5*a - 3*x + 6. List the prime factors of a.
17
Let r = 2121 + -1276. Suppose -r = -3*a + 289. Suppose a = -4*z + 10*z. List the prime factors of z.
3, 7
Let s(j) = j - 76. Let m(n) be the third derivative of -n**4/24 + 77*n**3/6 - 48*n**2. Let o(l) = -5*m(l) - 6*s(l). What are the prime factors of o(-6)?
7, 11
Suppose n + 3*v - 25 = -v, 3*v - 40 = -5*n. Suppose -n = -3*i - 2. Let b = i + 2. List the prime factors of b.
3
Let i(b) be the third derivative of -b**4/6 + 5*b**3 + 29*b**2. What are the prime factors of i(-11)?
2, 37
Let z(c) = -5*c + 2. Let v be z(-12). Let i = v - 55. Suppose 2*s + 85 = i*s. What are the prime factors of s?
17
Let n(o) = 243*o - 244. Let m(b) = 244*b - 245. Let c(f) = -3*m(f) + 4*n(f). List the prime factors of c(6).
11, 109
Let r be 10/15*-2722*6/(-8). Let q = r + -942. What are the prime factors of q?
419
Let j = 6 + -4. Suppose 0 = j*z - u - 11 - 1, 4*u + 23 = 3*z. Suppose n + 4*n + z*v - 625 = 0, 4*v + 20 = 0. What are the prime factors of n?
2, 5, 13
Let n(o) = o**3 + 3*o**2 - 6*o + 6. Let t be (-10)/(-20) - (-15)/2. Let h = 11 - t. What are the prime factors of n(h)?
2, 3, 7
Let a(i) be the second derivative of -i**5/10 - 11*i**4/12 - 8*i**3/3 - 20*i**2 + 2*i - 129. List the prime factors of a(-8).
2, 3, 17
Let t(k) = -199*k + 24*k**2 + 195*k - 10 - 9*k**2. List the prime factors of t(-4).
2, 3, 41
Let l be (3 - (1 + 1))/(89/267). Suppose l = g, 5*c = c + 3*g + 599. What are the prime factors of c?
2, 19
Let i be 5/6 + (-1557)/54. Let k = i + 291. What are the prime factors of k?
263
Suppose g - 3 = -5, 2*g + 4474 = 3*v. Suppose 17*w = 4618 - v. What are the prime factors of w?
2, 23
Let v(f) = 99*f**2 + 3*f + 5. What are the prime factors of v(-8)?
6317
Let f = -107 - -6029. List the prime factors of f.
2, 3, 7, 47
Let w be 27/(-15)*20/(-6). Let u(j) = 220*j + 123. List the prime factors of u(w).
3, 13, 37
Suppose -59 = -4*z + 2*s - 5, -z = 3*s - 3. List the prime factors of (-345)/12*z/(-3).
5, 23
Suppose -2*g + 1 = 5*o, -2*g - 2*o = 2*g - 42. Suppose 2*z - y - 11 = 2*y, y = -z + g. Suppose 9*t + 40 = z*t. What are the prime factors of t?
2, 5
Let l(h) = h + 3*h**3 - 9*h**3 + 4*h**2 + 3*h - 14 + 20. What are the prime factors of l(-4)?
2, 3, 73
Let l(y) = 142*y**2 - 2*y - 2. Let x be (1 - 2)/(-1 - -6 - 4). List the prime factors of l(x).
2, 71
Let k(d) = -d**3 + d**2 + 18*d + 12. Let a be k(5). Suppose -a*c + 350 = z, c - 3*z - 720 = -3*c. List the prime factors of c.
3, 59
Suppose 3*d + 32496 = 3*s, 5*s - 181*d = -186*d + 54080. List the prime factors of s.
2, 3, 11, 41
Suppose 454086 = 1967*w - 1940*w. What are the prime factors of w?
2, 3, 2803
Let w(u) = -u**2 + 43*u + 55. Let m be w(-24). Let y = 2511 + m. What are the prime factors of y?
2, 479
Let j(l) = 8*l**3 + 4*l**2 - 2*l - 4. Suppose 0 = -6*k - 11 + 23. List the prime factors of j(k).
2, 3
Suppose n - 38642 = -2*s, -76866 - 430 = -4*s - 5*n. What are the prime factors of s?
19319
Let z = 3473 - -5855. List the prime factors of z.
2, 11, 53
Let q(u) be the second derivative of -u**4/12 - u**3 + 9*u**2 + 38*u. Let f be q(-15). Let w = -60 - f. List the prime factors of w.
3, 19
Let g = -10846 + 18648. List the prime factors of g.
2, 47, 83
Let w be (1*183)/(-10 - -11). Suppose -190*c + w*c = -10311. List the prime factors of c.
3, 491
Let f(v) = 1835*v - 158. Let h be f(19). Suppose -50*u + h = -20343. What are the prime factors of u?
3, 367
Let u(k) be the second derivative of 5*k**4/3 - 11*k**3/3 + 11*k**2/2 - 2*k - 50. List the prime factors of u(7).
3, 31
Let b be -2 + 2 - (-97)/(-1). Let t = b + 148. List the prime factors of (t*1)/(14 + -13).
3, 17
Let v(o) = 22*o**2 + 3*o + 1. Let m be v(-2). Let q(d) = -2*d - 247*d**2 + 247*d**2 - m*d**3 - 2. What are the prime factors of q(-1)?
83
Let f be (6 - -1) + (-3 - 1). Suppose 0 = -f*d + x + 19, 1 = -4*x - 3. Suppose -d*a + 938 = a. What are the prime factors of a?
2, 67
Suppose -3 = -10*t + 7. Let k be (1008/(-96))/(t*2/(-48)). Suppose 0*z + k = 2*z. List the prime factors of z.
2, 3, 7
Let s(d) = -d**2 + 16*d - 2. Let x be 224/21 + 2/6. Let i be s(x). Let m = 117 + i. List the prime factors of m.
2, 5, 17
Let w(a) = 8*a - 8. Let h(l) = -8*l - 9 + 7*l + 8*l + l. Let c(r) = -5*h(r) + 6*w(r). List the prime factors of c(10).
7, 11
Suppose 21 + 11 = 8*m. Suppose 4*g + 5*c - 249 = 0, 6*g - m*g = 5*c + 117. List the prime factors of g.
61
What are the prime factors of ((-460)/(-6))/(166/7221)?
5, 23, 29
Let w be 8/(-6) - (-19880)/42. What are the prime factors of ((-90)/45)/((-1)/w)?
2, 59
Let t(c) = 14*c**2 - 2*c + 10945. What are the prime factors of t(0)?
5, 11, 199
Let c = 84720 + -55801. List the prime factors of c.
11, 239
List the prime factors of (-1)/(6/138042*-3*3/6).
2, 7669
Suppose 187016 = -74*h + 1680484. What are the prime factors of h?
2, 10091
Let l = -12599 - -36290. List the prime factors of l.
3, 53, 149
Let l = 4736 + -1413. What are the prime factors of l?
3323
Suppose -3*p + 0 + 0 = 0. Suppose p = 2*h + 8*k - 3*k - 39, 2*h - 4*k + 6 = 0. List the prime factors of ((-2)/h)/((-2)/434).
2, 31
Let w(g) = g**3 + 6*g**2 + 2*g - 14. Let m be w(-6). Let i(n) = -4*n**2 - 2*n - 1. Let y be i(-2). Let a = y - m. List the prime factors of a.
13
Let t = -12477 - -18113. What are the prime factors of t?
2, 1409
Suppose -5676 = 11*o - 15631. Suppose 4*w + 4*j - 1260 = 0, 2*w + 287 - o = 4*j. What are the prime factors of w?
313
Let t(g) = g**3 - 5*g**2 + 7*g - 31. Let q be t(5). Suppose -3*i + 4782 = 4*f, q*i - 5*f = 4639 + 1706. What are the prime factors of i?
2, 3, 5, 53
Let w(z) be the third derivative of z**6/120 + 7*z**5/20 + 7*z**4/12 - z**3 + 59*z**2. List the prime factors of w(-8).
2, 3, 7, 17
Let j = -29462 - -61932. List the prime factors of j.
2, 5, 17, 191
Let s = -4659 - -6771. List the prime factors of s.
2, 3, 11
Let w = -35815 + 51512. List the prime factors of w.
11, 1427
Suppose 4*u + 12 = 0, -5*i + 2*u + 147576 = 5*u. What are the prime factors of i?
3, 9839
Let n = -820 + 824. List the prime factors of (n/7)/(6/19